he prime factors of (r*5)/(3/o).
2, 5
What are the prime factors of 4/2 - 1 - 2 - -2279?
2, 17, 67
Let l(q) = 17*q**2 - 8*q + 3. Let a(v) = -v**2 + 9*v + 56. Let n be a(13). What are the prime factors of l(n)?
3
Suppose 5*x + 23 - 86 = -3*h, 0 = -4*h + 3*x + 84. Suppose h*i + i = 2970. What are the prime factors of i?
3, 5
Let k be (28/16 + -4)/(3/(-16)). Let f be ((-9)/k)/(1/(-4)). Suppose v + 76 = 4*v - 4*g, -27 = -v + f*g. List the prime factors of v.
2, 3
Let b be (-5 - -9)*(2 - 1)*-5. List the prime factors of 0 + b/50 + 1204/10.
2, 3, 5
Suppose 3*b - 11461 = -5*r + r, 5*b - 19091 = 4*r. Suppose -21*p - 816 = -b. What are the prime factors of p?
11, 13
Let l be 2299/4 + 1/4. Suppose 0 = 2876*s - 2988*s - 50 - 174. List the prime factors of ((-96)/120)/(s/l*1).
2, 5, 23
Let y(z) = 3055*z - 3204. List the prime factors of y(4).
2, 7, 23
Let v be (0 - (4 - 1)) + 1116690/(-10). What are the prime factors of (3*2/9)/((-144)/v)?
11, 47
Suppose 2*f - 432 = 2*r, 5*r - f + 966 = -134. Let a = r + 426. Suppose 0 = 2*c + c + 2*w - a, w = 2*c - 125. List the prime factors of c.
5, 13
Suppose -12*o = 64632 - 225725 - 250027. List the prime factors of o.
2, 3, 5, 571
Suppose -5*d + 47*g = 52*g + 345, -3*g = -9. What are the prime factors of 72/(-24)*(d - (-1 + 3))?
2, 3, 37
Let q(i) = 869*i + 946. List the prime factors of q(4).
2, 3, 11, 67
Suppose -4*p = 4*x - 100124, -3404 = -p + 4*x + 21652. List the prime factors of p.
2, 11, 569
Suppose 4*f + 14 = 2*z, 3*f + 2 = z - 2. Let p(q) = 4*q**2 - 26. List the prime factors of p(z).
2, 5, 13
Suppose -20433*p + 244907 = -20420*p. What are the prime factors of p?
18839
Let n(x) = 77*x + 39. Let o(i) = 77*i + 44. Let k(b) = 5*n(b) - 4*o(b). List the prime factors of k(11).
2, 433
Suppose 0 = 2*f + 2*f - 5*b + 25, 2*f + 15 = 3*b. Suppose 3*w = 4*w - 2*v, 2*w - v + 15 = f. Let z = 121 + w. What are the prime factors of z?
3, 37
Suppose 0 = -2*p - 7 + 11. Suppose -3*d - 274 = z, -3*d - 172 = -d - p*z. Let x = -26 - d. List the prime factors of x.
2
List the prime factors of (-60114)/(-10) - 5*(-21)/(-75).
2, 5, 601
Let k(d) = -d**3 + 4*d**2 + 2*d - 8. Let q = 135 + -142. Let m be (3/(-2))/(365/50 + q). List the prime factors of k(m).
3, 23
Suppose 486*d - 10051466 - 5861146 = 0. List the prime factors of d.
2, 3, 17, 107
Suppose 0 = z + 4*u - 2462, 5*u = 87*z - 90*z + 7358. What are the prime factors of z?
2, 1223
Let v = -580 - -264. Let k = -4 - v. What are the prime factors of k?
2, 3, 13
Let z = -36 + 13. Let u = z + 27. List the prime factors of ((-16)/(-10))/(u/90).
2, 3
Let x be ((-88)/(-12) - 6) + (-60)/(-36). Let v(t) = -7*t + 0 + 38*t - 26. List the prime factors of v(x).
67
Suppose -1 = f - x, -3*x - 11 = -f - 5*x. Suppose 16 + 2833 = f*g - 4*c, -5*c - 4740 = -5*g. What are the prime factors of g?
23, 41
List the prime factors of ((-25)/30)/((-350)/1682520).
2, 2003
Let k(v) = 19*v**2 - 93*v + 1543. What are the prime factors of k(17)?
7, 19, 41
What are the prime factors of 5706 - (-91)/(-26)*-2?
29, 197
Let z(q) = 30*q + 15. Let f be z(-14). Let u = f - -639. What are the prime factors of u?
2, 3, 13
Suppose -3*j = -4*d + 107018, 133788 = 71*d - 66*d + 4*j. List the prime factors of d.
2, 6689
Let q(z) = -2*z**3 - 4*z**2 + 4*z + 7. Let f be q(4). Let d = f + 451. What are the prime factors of d?
2, 3, 47
Let a = -17 - -35. Suppose 0 = -3*g - 5*f + a, 2*g + 2*f + 12 = 4*g. Suppose -2*j - 3*t + g*t = -109, 2*j = -4*t + 144. List the prime factors of j.
2, 31
Let g be 0 - (-20)/25*835/2. Let y = 525 - g. What are the prime factors of y?
191
Let t(g) = -g - 105 + 9*g + 76. List the prime factors of t(7).
3
Let t = 37 - -14. Suppose -8*l - t = 5. List the prime factors of (8 + l)/((-3)/(-489) - 0).
163
Let u(d) = 1819*d - 592. What are the prime factors of u(8)?
2, 5, 349
Let a(r) = -37*r**2 + 8*r - 22. Let p be a(2). Suppose -2*t - n - 454 = 0, 2*t + 2*t + n = -904. Let o = p - t. List the prime factors of o.
71
Suppose -28 = 37*p - 39*p. Let y = p - -602. List the prime factors of y.
2, 7, 11
Let b(z) = 29*z - 29. Let r(k) = -4*k**3 - 10*k**2 + k + 2. Let u be r(-3). What are the prime factors of b(u)?
2, 29
Let j = 485 + 2475. Suppose -v + 1 - 5 = 0, -4*z = 4*v - j. What are the prime factors of z?
2, 3, 31
Let l(h) = -h**2 - 4*h - 36. Let x be l(15). Let n = -765 - x. Let g = n - -678. What are the prime factors of g?
2, 3, 13
Let m be 4/(-10) - 26/(-65). Let g be (-3 + m - 120)/(-1). Let u = g - 32. List the prime factors of u.
7, 13
List the prime factors of 110/(-704)*4*-69848.
5, 8731
Let i = 124 - 208. List the prime factors of ((-24)/i - (-223)/28)*24.
2, 3, 11
Let u(c) be the second derivative of 7*c - 1/3*c**4 + 9/2*c**2 + 5/3*c**3 + 0 - 1/20*c**5. What are the prime factors of u(-6)?
3, 7
List the prime factors of 17/(((-40)/(-187380)*-1)/(2/(-3))).
3, 17, 347
Suppose 3*x + 15 = 0, -3*z + 4*x = z - 148. Let g = z - 38. What are the prime factors of (-186)/g - (-4 - 0)?
5, 7
What are the prime factors of (-1676934)/(-180) + (-6)/20?
2, 17, 137
Suppose p + 88 = -0*p - z, p - z = -98. Let u = -93 - p. Let k(m) = -7*m + 61. What are the prime factors of k(u)?
61
Let q = 1745 - 3141. Let x = q + 2154. List the prime factors of x.
2, 379
Suppose -3*k + 4*f = -777, -3*k - 95*f + 777 = -90*f. What are the prime factors of k?
7, 37
Let z be ((-4)/(-3))/((-48)/(-15048)). Let o = z - -988. List the prime factors of o.
2, 19, 37
Let f be ((-18)/12)/((-9)/24*2). Suppose -f*b + 28 + 390 = 0. What are the prime factors of b?
11, 19
Suppose 9*z - 74 = -56. What are the prime factors of (-12)/((-4 - -3)/(119/z))?
2, 3, 7, 17
Let y(r) = r**3 + 31*r**2 + 30*r - 126. Let w(i) = i**3 - 14*i**2 + 33*i - 28. Let a be w(11). What are the prime factors of y(a)?
2, 3, 7, 11
Let l = 113970 - 61200. What are the prime factors of l?
2, 3, 5, 1759
Suppose -2*y - 2*y = 3*b + 16, 0 = -2*b + 4*y - 4. Let g be -10*-1*(10/b - -3). Suppose -47 = -g*w - 12. What are the prime factors of w?
7
Let z = -229 - -231. Let k(f) = 68*f**2 - 5. What are the prime factors of k(z)?
3, 89
Suppose -6 = 3*g, 5*z + 0*z - 26344 = -3*g. Suppose 153*k = 148*k + z. What are the prime factors of k?
2, 17, 31
Suppose -1425*t = -1450*t + 30225. What are the prime factors of t?
3, 13, 31
Let k = -94 + 99. Suppose k*f - 2832 = f. Suppose 4*d - 3*m - f = -16, -2*d + 360 = -5*m. What are the prime factors of d?
2, 5, 17
Let q = -5448 + 40423. List the prime factors of q.
5, 1399
Let n = -11389 + 32710. List the prime factors of n.
3, 23, 103
Suppose 8*m - 2*m - 18 = 0. Let d(b) = m + 15*b - 8*b - 7 - 13 + b**2. List the prime factors of d(-11).
3
Suppose 0 = -5*d + 2*a + 114056, -2*a = 26*d - 28*d + 45626. List the prime factors of d.
2, 5, 2281
Let f(h) = h**2 - 4*h - 3. Let d be f(5). Suppose 0 = 13*c - 2069 - 466. Suppose -686 = -4*m - u, -5*m = -d*u - 656 - c. What are the prime factors of m?
3, 19
Let x be (-3 - 225/(-33)) + 4/22. Suppose 39 + 72 = 2*k - 5*s, -5*s = x*k - 147. Let r = k + -40. What are the prime factors of r?
3
Let s(t) = 2*t**3 + 58*t**2 - 68*t + 44. List the prime factors of s(21).
2, 59, 181
Let k be (81/(-21) - -4) + (-380)/(-35). Suppose -483 = k*f - 16*f + x, 5*x + 15 = 0. What are the prime factors of f?
2, 3
Suppose 3*k + 64*b - 148582 = 69*b, 5*b + 99043 = 2*k. List the prime factors of k.
3, 7, 337
Let h = -33309 + 64572. List the prime factors of h.
3, 17, 613
Suppose -1 = 2*l - 5*h, 11*l - 8*l - 2*h - 26 = 0. Let q = -2535 - -1807. What are the prime factors of l/(-8)*q/12?
7, 13
Let x = -12 + 32. Suppose -6*v + v + x = 0. Suppose 618 = v*k - 3*f, -6*k + 771 = -k - 3*f. List the prime factors of k.
3, 17
Suppose -13*b = -149*b + 238136. List the prime factors of b.
17, 103
Suppose h - 6074 = -2*o, 2*h + 2*o = 6*h - 24336. What are the prime factors of h?
2, 3041
Let x = 4013 + -1102. What are the prime factors of x?
41, 71
Suppose 3 = 2*t - 55*z + 50*z, 3*t = 4*z + 8. Suppose 4*v + 5*r = 1723, t*v - 3*r - 2495 = -764. List the prime factors of v.
2, 3
Let f = 2111 + -573. Let d = f + -638. What are the prime factors of d?
2, 3, 5
Let q(p) = -87*p - 10 + 105*p + 80*p. What are the prime factors of q(4)?
2, 191
Suppose -4*u = -579 - 225. Let n = u - -98. List the prime factors of n.
13, 23
Let q(x) = -2*x**3 + 11*x*